{"id":56,"date":"2021-09-15T10:01:43","date_gmt":"2021-09-15T08:01:43","guid":{"rendered":"http:\/\/flatfnatt.duckdns.org\/?page_id=56"},"modified":"2021-09-16T16:54:39","modified_gmt":"2021-09-16T14:54:39","slug":"hasse-shows","status":"publish","type":"page","link":"https:\/\/flatfnatt.duckdns.org\/?page_id=56","title":{"rendered":"Utst\u00e4llning Hasse"},"content":{"rendered":"\n<table id=\"tablepress-47\" class=\"tablepress tablepress-id-47\">\n<thead>\n<tr class=\"row-1\">\n\t<th class=\"column-1\">DATUM<\/th><th class=\"column-2\">DOMARE<\/th><th class=\"column-3\">ARRANG\u00d6R\/PLATS<\/th><th class=\"column-4\">KLASS<\/th><th class=\"column-5\">RESULTAT<\/th><th class=\"column-6\">KRITIK<\/th>\n<\/tr>\n<\/thead>\n<tbody class=\"row-striping row-hover\">\n<tr class=\"row-2\">\n\t<td class=\"column-1\">2024-03-03<\/td><td class=\"column-2\">Vidar Grundetjern<\/td><td class=\"column-3\">SSRK Sm\u00e5land \/ Moheda<\/td><td class=\"column-4\">\u00d6ppen<\/td><td class=\"column-5\">Excellent-2, CK, <b>R-Cert<\/b><\/td><td class=\"column-6\">6 \u00e5r. Utm\u00e4rkt typ. Harmonisk v\u00e4lbalanserad helhet. Mycket bra huvud och k\u00f6nspr\u00e4gel. Bra hals. Super \u00f6verlinje.V\u00e4lvinklad. Mycket v\u00e4lg\u00e5ende. Utm\u00e4rkt benstomme och tassar. Utm\u00e4rkt p\u00e4ls och svans. Korrekt bett.<\/td>\n<\/tr>\n<tr class=\"row-3\">\n\t<td class=\"column-1\">2023-09-03<\/td><td class=\"column-2\">Fredrik Gustafsson<\/td><td class=\"column-3\">SBK G\u00f6teborg \/ G\u00f6teborg<\/td><td class=\"column-4\">\u00d6ppen<\/td><td class=\"column-5\">1-1, HP, BIR, BIG-2<\/td><td class=\"column-6\">5-\u00e5rig hane. fina propertioner, maskulint vackert hvudu, kunde haft m\u00f6rkare \u00f6gon, v\u00e4l ansatta och burna \u00f6ron, fin hals och front, fin br\u00f6stkorg, stark rygg, fint kors med v\u00e4l ansatt svans, fina vinklar bak, r\u00f6r sig v\u00e4l fr\u00e5n alla h\u00e5ll, aningen h\u00f6g glad svansm trevligt temperament, fin p\u00e4ls och svans<\/td>\n<\/tr>\n<tr class=\"row-4\">\n\t<td class=\"column-1\">2023-08-26<\/td><td class=\"column-2\">Lena H\u00e4gglund<\/td><td class=\"column-3\">DRK \/ Stenlille<\/td><td class=\"column-4\">\u00d6ppen<\/td><td class=\"column-5\">Excellent-1, CK, Bhkl-2, <b>R-Cert<\/b><\/td><td class=\"column-6\">flot og veludviklet af udm type, hoved med fine proportioner og venligt<br \/>\nudtryk, herlig overliie og svans aktion, prima skulder og overarm, veludvikletforbryst, korrekt brystkurv, velvinklet og velmuskslet stabilt bagstel, r\u00f8r<br \/>\nsig en anelse t\u00e6t bag, udm skridt fra siden, udm pels og pr\u00e6sentation<\/td>\n<\/tr>\n<tr class=\"row-5\">\n\t<td class=\"column-1\">2023-07-08<\/td><td class=\"column-2\">Martin Adner<\/td><td class=\"column-3\">FRK Sm\u00e5land \/ Reftele<\/td><td class=\"column-4\">\u00d6ppen<\/td><td class=\"column-5\">Excellent-1, HP, Bhkl-3<\/td><td class=\"column-6\">5-\u00e5rig hane av bra typ. Maskulin v\u00e4lskuret hvudu med utm\u00e4rkta proportioner. Bra \u00f6gonform med n\u00e5got ljusa \u00f6gon. V\u00e4llagd skuldra. Bra hals och \u00f6verlinje. V\u00e4lformad br\u00f6stkorg med bra f\u00f6rbr\u00f6st. L\u00e5ng l\u00e4ndparti som kunde vara starkare. Goda bakbensvinklar. L\u00f6sa tassar. R\u00f6r sig med god stegl\u00e4ngd och utm\u00e4rkt drive. Bra p\u00e4ls och utmr\u00e4kt temperament. Kunde ha stramare topline i r\u00f6relse.<\/td>\n<\/tr>\n<tr class=\"row-6\">\n\t<td class=\"column-1\">2023-07-02<\/td><td class=\"column-2\">Frederik Kien Hansen <br\/>(Danmark)<\/td><td class=\"column-3\">S\u00c4KK \/ Bor\u00e5s<\/td><td class=\"column-4\">\u00d6ppen<\/td><td class=\"column-5\">Excellent-4<br \/>\n<\/td><td class=\"column-6\">Excellent kvalitet och typ. Stark och elegant hane med go kropp. Maskulin utan att vara grov. Korrekt saxbett och one piece head. Smok \u00f6ver och underlinje. V\u00e4lvinklad fram och bak. Lite h\u00f6g i hasor. H\u00e4rligt temperament. Smok p\u00e4ls och presentation.<\/td>\n<\/tr>\n<tr class=\"row-7\">\n\t<td class=\"column-1\">2023-06-18<\/td><td class=\"column-2\">Angel Maestro Lafuente <br\/>(Spain)<\/td><td class=\"column-3\">SSRK Sm\u00e5land \/ Gr\u00e4nna<\/td><td class=\"column-4\">\u00d6ppen<\/td><td class=\"column-5\">Excellent-4<br \/>\n<\/td><td class=\"column-6\">Very nice and masculine head. Excellent eyes in shape and color. Very good earset. Long neck. Good earset. Very good bone. Excellet topline. Scissor bite. Very good tailset. Excellent angulations in front and rear. Excellent movement.<\/td>\n<\/tr>\n<tr class=\"row-8\">\n\t<td class=\"column-1\">2023-05-18<\/td><td class=\"column-2\">Hanne Wiik<br\/>(Norge)<\/td><td class=\"column-3\">FRK Sm\u00e5land \/ Gr\u00e4nna<\/td><td class=\"column-4\">\u00d6ppen<\/td><td class=\"column-5\">Excellent-4<br \/>\n<\/td><td class=\"column-6\">Mycket v\u00e4lg\u00e5ende hane. V\u00e4lskuret huvud. V\u00e4nligt uttryck. Harmoniskt vinklad fram och bak. God kropp. Super \u00f6verlinje. God benstomme och tassar. Utm\u00e4rkt p\u00e4lskvalitet. V\u00e4lvisad.<\/td>\n<\/tr>\n<tr class=\"row-9\">\n\t<td class=\"column-1\">2023-05-14<\/td><td class=\"column-2\">Yasmina Zuberb\u00fchler<\/td><td class=\"column-3\">Almanza \u00c5rstr\u00e4ff<\/td><td class=\"column-4\">\u00d6ppen<\/td><td class=\"column-5\"><\/td><td class=\"column-6\">5 years old male of very good type. Nice masculine head., bit light eyes the spoils his expression, good head and topline, tail is set well but carried a bit high on the move, balanced angulations but would prefer a bit more width of chest, moves very easy from the side, professionally presented.<\/td>\n<\/tr>\n<tr class=\"row-10\">\n\t<td class=\"column-1\">2023-04-08<\/td><td class=\"column-2\">Jan-Erik EK<\/td><td class=\"column-3\">SSK \/ Malm\u00f6<\/td><td class=\"column-4\">\u00d6ppen<\/td><td class=\"column-5\">Excellent<\/td><td class=\"column-6\">V\u00e4lvisad hane. Trevligt huvud och uttryck. Bra hals och skuldra. Starka ben och tassar. V\u00e4lformad kropp men kunde vara n\u00e5got kortare i l\u00e4nden. Bra kors. Breda bra l\u00e5r. R\u00f6r sig OK. Trevligt temperament.<\/td>\n<\/tr>\n<tr class=\"row-11\">\n\t<td class=\"column-1\">2023-04-01<\/td><td class=\"column-2\">Erling Kj\u00e6r Pedersen<br\/>(Danmark)<\/td><td class=\"column-3\">DRK \/ Fyn<\/td><td class=\"column-4\">\u00d6ppen<\/td><td class=\"column-5\">Excellent-1, CK, Bhkl-2, <b>R-Cert<b\/><br \/>\n<\/td><td class=\"column-6\">P\u00e6nt hoved og udtryk, saksebid. Flot hals og ryg, velansat hale. Velvinklet.<br \/>\nGod brystkasse og underlinie. Gode benstammer, l\u00e5r og haser. Flot pels. Sunde<br \/>\nbev\u00e6gel\u00e6ser.<br \/>\n<\/td>\n<\/tr>\n<tr class=\"row-12\">\n\t<td class=\"column-1\">2023-03-05<\/td><td class=\"column-2\">Lena Rollmar<\/td><td class=\"column-3\">SSRK Sm\u00e5land \/ Moheda<\/td><td class=\"column-4\">\u00d6ppen<\/td><td class=\"column-5\">Excellent<\/td><td class=\"column-6\">Trevlig helhet. Mycket vackert uttryck. Aning halsskinn. Utm\u00e4rkt \u00f6verg\u00e5ng hals och rygg. Harmoniska vinklar. N\u00e5got l\u00f6sa tassar. R\u00f6r sig v\u00e4l. Utm\u00e4rkt p\u00e4ls.<\/td>\n<\/tr>\n<tr class=\"row-13\">\n\t<td class=\"column-1\">2022-11-26<\/td><td class=\"column-2\">Geir Ove Andersen<\/td><td class=\"column-3\">FRK V\u00e4stra \/ Alings\u00e5s<\/td><td class=\"column-4\">\u00d6ppen<\/td><td class=\"column-5\">1-1, HP, Bhkl-1, <b>BIS<\/b><\/td><td class=\"column-6\">4.5 \u00e5rig hane av utm\u00e4rkt typ och helhet. Fantastiska propertioner i h\u00f6jd och l\u00e4ngd. Vackert maskulint v\u00e4lmejslat huvud med medelm\u00f6rka \u00f6gon. Korrekt bett. Vacker hals som \u00f6verg\u00e5r i en mjuk fin rygglinje. Utm\u00e4rkt kors. Utm\u00e4rkta vinklar fram och bak. En v\u00e4l tillbakalagd skuldra. Utm\u00e4rkt v\u00e4lvning och djup i br\u00f6stkorgen. Vacker underlinje. Utm\u00e4rkt benstomme. N\u00e5got platta framtassar. Breda fina l\u00e5r. Anv\u00e4nder sig svans v\u00e4l. R\u00f6r sig med ponuds, attityd och utm\u00e4rkt stegl\u00e4ngd. Parallell fram och bak. Utm\u00e4rkt p\u00e4lskvalitet. Trevligt temperament. Utm\u00e4rkt presenterad i l\u00f6st koppel.<\/td>\n<\/tr>\n<tr class=\"row-14\">\n\t<td class=\"column-1\">2022-06-19<\/td><td class=\"column-2\">Gudrun Brunnstr\u00f6m<\/td><td class=\"column-3\">SSRK Sm\u00e5land \/ Gr\u00e4nna<\/td><td class=\"column-4\">\u00d6ppen<\/td><td class=\"column-5\">Excellent-3, CK<\/td><td class=\"column-6\">Hane av utm\u00e4rkttyp och storlek. Maskulint huvud. N\u00e5got rundad skalle. Aningen halsskinn. V\u00e4lformad br\u00f6stkorg. Stark rygg. V\u00e4lvinklad bak. Aningen kort i korset. R\u00f6r sig med effektiva steg. Underbar p\u00e4lskvalitet.<\/td>\n<\/tr>\n<tr class=\"row-15\">\n\t<td class=\"column-1\">2022-05-08<\/td><td class=\"column-2\">Christina Drottsg\u00e5rd<\/td><td class=\"column-3\">FRK V\u00e4stra \/ Backamo<\/td><td class=\"column-4\">\u00d6ppen<\/td><td class=\"column-5\">1-1, HP, Bhkl-2<\/td><td class=\"column-6\">Vacker hane av utm\u00e4rkt typ. H\u00e4rlig hals och resning. Tillr\u00e4ckligt vinklad fram. Bra vinklad bak. Ger ett n\u00e5got l\u00e4tt intryck. R\u00f6r sig med energi. Vacker p\u00e4ls. Trevligt visad.<\/td>\n<\/tr>\n<tr class=\"row-16\">\n\t<td class=\"column-1\">2022-04-16<\/td><td class=\"column-2\">Seija Wahlstr\u00f6m<\/td><td class=\"column-3\">Br\u00e4nnebacka BK \/ T\u00e5nga Hed<\/td><td class=\"column-4\">\u00d6ppen<\/td><td class=\"column-5\">1-1, Bhkl-1, BIM<\/td><td class=\"column-6\">Maskulin med bra proportioner. Maskulint huvud med bra uttryck. Bra br\u00f6stkorg pch skuldra. Bra kroppsvolym. Bra p\u00e4ls pch f\u00e4rg. Utm\u00e4rkta vinklar. Fina r\u00f6relser. Trevligt temperament.<\/td>\n<\/tr>\n<tr class=\"row-17\">\n\t<td class=\"column-1\">2022-04-02<\/td><td class=\"column-2\">Cecilia Edberg<\/td><td class=\"column-3\">FRK \u00d6stra \/ Uppsala<\/td><td class=\"column-4\">\u00d6ppen<\/td><td class=\"column-5\">1-2, HP, Bhkl-4<\/td><td class=\"column-6\">V\u00e4lbalanserad stram hane, bra benstomme, vackert huvud och uttryck, r\u00f6r sig med bra stegl\u00e4ngd, v\u00e4lvinklad fram och bak, visas i mycket god kondition, mycket v\u00e4lpresenterad<\/td>\n<\/tr>\n<tr class=\"row-18\">\n\t<td class=\"column-1\">2022-03-13<\/td><td class=\"column-2\">Caroline Lundqvist<\/td><td class=\"column-3\">SSRK \u00d6sterg\u00f6tland \/ Mj\u00f6lby<\/td><td class=\"column-4\">\u00d6ppen<\/td><td class=\"column-5\">Excellent<\/td><td class=\"column-6\">Vacker helhet. Fina propertioner. Bra huvud. Fint uttryck. M\u00f6rka vackra \u00f6gon. V\u00e4lansatta \u00f6ron. Bra hals och rygg. Tillr\u00e4ckligt f\u00f6rbr\u00f6st. Bra v\u00e4lvning p\u00e5 br\u00f6kstkorgen. Fina ben och tassar. V\u00e4lvinklat bakst\u00e4ll. R\u00f6r sig med bra stegl\u00e4ngd. N\u00e5got tr\u00e5ng bak. Bra p\u00e4lskvalitet. H\u00e4rligt temperament.<\/td>\n<\/tr>\n<tr class=\"row-19\">\n\t<td class=\"column-1\">2021-11-27<\/td><td class=\"column-2\">Theres Johasson<\/td><td class=\"column-3\">FRK V\u00e4stra \/ Speker\u00f6d<\/td><td class=\"column-4\">\u00d6ppen<\/td><td class=\"column-5\">1-3, HP<\/td><td class=\"column-6\">Maskulin hane p\u00e5 den st\u00f6rre sidan. Vackert v\u00e4lskuret huvud, vackra v\u00e4lformade \u00f6gon, v\u00e4lplacerade \u00f6ron, OK skulderplacering, fint f\u00f6rbr\u00f6st, aningen tunn i br\u00f6stets nedre del, stark rygg, utm\u00e4rkt kors och kn\u00e4vinkel, besntomme, fin tassar, r\u00f6r sig trevligt runt om, utm\u00e4rkt p\u00e4lskvalitet, trevligt temperament<\/td>\n<\/tr>\n<tr class=\"row-20\">\n\t<td class=\"column-1\">2021-11-14<\/td><td class=\"column-2\">Lars Wid\u00e9n<\/td><td class=\"column-3\">SSRK Dalarna \/ R\u00e4ttvik<\/td><td class=\"column-4\">\u00d6ppen<\/td><td class=\"column-5\">Excellent<\/td><td class=\"column-6\">H\u00e4rlig uppenbarelse, maskulint huvud och uttryck, snyggt svep, utm\u00e4rkt svansans\u00e4ttning, utm\u00e4rkt br\u00f6stkorg, v\u00e4lvinklad, bra tassar, h\u00e4rligt steg fr\u00e5n sidan, en tanke n\u00e5got tr\u00e5ng bak, utm\u00e4rkt p\u00e4ls och f\u00e4rg<\/td>\n<\/tr>\n<tr class=\"row-21\">\n\t<td class=\"column-1\">2021-11-13<\/td><td class=\"column-2\">Jennie Andersson<\/td><td class=\"column-3\">SSRK Dalarna \/ R\u00e4ttvik<\/td><td class=\"column-4\">\u00d6ppen<\/td><td class=\"column-5\">Excellent-1, CK<\/td><td class=\"column-6\">Snygg helhet, fint huvud och uttryck, flott hals och \u00f6verlinje. Normalvinklad fram, n\u00e5got kort \u00f6verarm, utm\u00e4rkt kropp, v\u00e4lvinklad bak, h\u00e4rlig attityd och resning, bra drive, snyggt presenterad, h\u00e4rligt temperament<\/td>\n<\/tr>\n<tr class=\"row-22\">\n\t<td class=\"column-1\">2021-09-26<\/td><td class=\"column-2\">Vesa Lehtonen<br\/>(Finland)<\/td><td class=\"column-3\">Finska Kennelklubben \/ \u00c5land<\/td><td class=\"column-4\">\u00d6ppen<\/td><td class=\"column-5\">Excellent-1, CK, Bhkl-3, <b>R-CACIB<\/b><\/td><td class=\"column-6\">Balanserad helhet, bra huvud hals och \u00f6verlinje, bra kropp och benstomme, tillr\u00e4ckligt fyllt br\u00f6st, balanserad vinklar, r\u00f6r sig bra men svansen g\u00e5r n\u00e5gotf\u00f6r h\u00f6gt, bra p\u00e4ls<\/td>\n<\/tr>\n<tr class=\"row-23\">\n\t<td class=\"column-1\">2021-07-03<\/td><td class=\"column-2\">Carsten Birk<br\/>(Danmark)<\/td><td class=\"column-3\">Dansk Retriever Klub \/ Slagelse<\/td><td class=\"column-4\">\u00d6ppen<\/td><td class=\"column-5\">Excellent-4<\/td><td class=\"column-6\">Udm\u00e6rket proportioner, fast kondition, hoved af god l\u00e6ngde, udm\u00e6rket bid,<br \/>\nvelformet \u00f8jne, god hals, vel tilbage lagt skulder, st\u00e6rk ryg, noget h\u00f8jtb\u00e5ret<br \/>\nhale, veludviklet front, passende benstammer og vinkler, udm\u00e6rket pels,<br \/>\nveldigt aktivt v\u00e6sen, bev\u00e6ger sig parallelt, frit og flydende<\/td>\n<\/tr>\n<tr class=\"row-24\">\n\t<td class=\"column-1\">2020-03-01<\/td><td class=\"column-2\">Jan Roger Sauge<br\/>(Norge)<\/td><td class=\"column-3\">SSRK Sm\u00e5land \/ Moheda<\/td><td class=\"column-4\">Unghund<\/td><td class=\"column-5\">Excellent<\/td><td class=\"column-6\">22 m\u00e5nader. Mycket god typ. Maskulint huvud med gott uttryck. Bra hals. Tillr\u00e4ckligt vinklad front. Bra ben och tassar. God \u00f6verlinje. V\u00e4lvinklat bakst\u00e4ll. R\u00f6r sig v\u00e4l. Mycket bra p\u00e4ls.<\/td>\n<\/tr>\n<tr class=\"row-25\">\n\t<td class=\"column-1\">2020-01-19<\/td><td class=\"column-2\">Maritha \u00d6stlund Holmsten<\/td><td class=\"column-3\">SSRK Bergslagen \/ Kumla<\/td><td class=\"column-4\">Unghund<\/td><td class=\"column-5\">Excellent-4<\/td><td class=\"column-6\">21 m\u00e5naders typfull hane av bra storlek. Maskulint huvud av tillr\u00e4ckligt l\u00e4ngd. Utm\u00e4rkt nosparti, bett och t\u00e4nder. M\u00f6rka utrycksfulla \u00f6gon. Utm\u00e4rkt \u00f6verlinje. B\u00e4r och anv\u00e4nder svansen v\u00e4l. V\u00e4l utvecklad men beh\u00f6ver f\u00e5 mer bredd i kroppen. Breda l\u00e5r. Bra has. Bra benstomme. Ok tassar. R\u00f6r sig v\u00e4l men ger \"intryck framstallet \u00e4r framskjutet\"?<\/td>\n<\/tr>\n<tr class=\"row-26\">\n\t<td class=\"column-1\">2019-11-02<\/td><td class=\"column-2\">Lena H\u00e4gglund<\/td><td class=\"column-3\">FRK \u00d6stra \/ Haninge<\/td><td class=\"column-4\">Unghund<\/td><td class=\"column-5\">1-1, HP, Bhkl-3<\/td><td class=\"column-6\">Flott stram och v\u00e4lg\u00e5ende unghane av utm\u00e4rkt typ. H\u00e4rligt huvud med fina proportioner och bra uttryck. Utm\u00e4rkt \u00f6verlinje och svans. Prima skuldra, \u00f6verarm och f\u00f6rbr\u00f6st. V\u00e4lvinklat stabilt bakst\u00e4ll. Utm\u00e4rkt kropp, ben och tassar. R\u00f6r sig n\u00e5got tr\u00e5ngt bak, i \u00f6vrigt utm\u00e4rkt stag. Prima p\u00e4ls och presentation.<\/td>\n<\/tr>\n<tr class=\"row-27\">\n\t<td class=\"column-1\">2019-10-12<\/td><td class=\"column-2\">Anne Lise B\u00f8hler<br\/>(Norge)<\/td><td class=\"column-3\">FRK V\u00e4rmland \/ Niklasdamm<\/td><td class=\"column-4\">Junior<\/td><td class=\"column-5\">1-1, HP, BIM-Junior<\/td><td class=\"column-6\">17 m\u00e5naders hane. Vackert huvud med m\u00f6rka \u00f6gon. H\u00e4rlig hals med fin \u00f6verg\u00e5ng i rygg. Aningen l\u00e5ng l\u00e4nd. Bra vinklad fram och bak. Ok front f\u00f6r \u00e5ldern. Bra benstomme. H\u00e4rliga r\u00f6relser. Vacker p\u00e4ls. V\u00e4lvisad.<\/td>\n<\/tr>\n<tr class=\"row-28\">\n\t<td class=\"column-1\">2019-06-16<\/td><td class=\"column-2\">Vidar Grundetjern<br\/>(Norge)<\/td><td class=\"column-3\">SSRK Sm\u00e5land \/ Gr\u00e4nna<\/td><td class=\"column-4\">Junior<\/td><td class=\"column-5\">Excellent-2, CK<\/td><td class=\"column-6\">Utm\u00e4rkt typ och storlek. Gott huvud. V\u00e4lutvecklad kropp. Harmonisk v\u00e4lbalanserad. Utm\u00e4rkt \u00f6verlinje. V\u00e4lvinklad fram och bak. R\u00f6r sig bra. Bra benstomme och tassar. God p\u00e4ls och svans. Korrekt bett.<\/td>\n<\/tr>\n<tr class=\"row-29\">\n\t<td class=\"column-1\">2019-05-04<\/td><td class=\"column-2\">Lena H\u00e4gglund<\/td><td class=\"column-3\">SSRK Gotland \/ Romakloster<\/td><td class=\"column-4\">Junior<\/td><td class=\"column-5\">Excellent-2<\/td><td class=\"column-6\">Juniorhane av utm\u00e4rkt typ. Underbart uttryck. Huvud med fina proportioner. V\u00e4nligt uttryck. Stark \u00f6verlinje. Bra skuldra, f\u00f6rbr\u00f6st. Normal kropp f\u00f6r sin \u00e5lder. Goda vinklar bak med god l\u00e5rmuskulatur. R\u00f6r sig glatt med ganska bra steg\u013a\u00e4ngd men b\u00f6r stabilisera sina frambensr\u00f6relser med tiden n\u00e4r br\u00f6stkorgen stabiliseras. Utm\u00e4rkt p\u00e4lskvalitet. V\u00e4lvisad.<\/td>\n<\/tr>\n<tr class=\"row-30\">\n\t<td class=\"column-1\">2018-12-01<\/td><td class=\"column-2\">Anne Lise B\u00f8hler<br\/>(Norge)<\/td><td class=\"column-3\">FRK V\u00e4stra \/ Uddevalla<\/td><td class=\"column-4\">Valp 2<\/td><td class=\"column-5\">1-2<\/td><td class=\"column-6\">7 m\u00e5naders hanvalp av utm\u00e4rkt typ. Vackert huvud med bra uttryck. Flott \u00f6verlinje. Parallell fram och bak. Vacker p\u00e4ls. H\u00e4rligt temperament. V\u00e4lvisad.<\/td>\n<\/tr>\n<tr class=\"row-31\">\n\t<td class=\"column-1\">2018-11-17<\/td><td class=\"column-2\">Thina Melleby<\/td><td class=\"column-3\">Svensk Pudelklubben V\u00e4stra \/ Kung\u00e4lv<\/td><td class=\"column-4\">Valp 2<\/td><td class=\"column-5\">1-HP, BIR, BIG<\/td><td class=\"column-6\">6 m\u00e5naders hane, mycket v\u00e4lutvecklad f\u00f6r sin \u00e5lder, blank &amp; fin p\u00e4ls, bra k\u00f6nspr\u00e4gel, mycket positivt attityd, rastypiskt huvud, flott hals, sunda r\u00f6relser, mycket v\u00e4lvisad<\/td>\n<\/tr>\n<tr class=\"row-32\">\n\t<td class=\"column-1\">2018-10-28<\/td><td class=\"column-2\">Anna Geschwindt Eriksson<\/td><td class=\"column-3\">SSRK \u00d6sterg\u00f6tland \/ Mj\u00f6lby<\/td><td class=\"column-4\">Valp 1<\/td><td class=\"column-5\">2-HP<\/td><td class=\"column-6\">Maskulin. Utm\u00e4rkt typ. Utm\u00e4rkta proportioner. Harmoniskt byggd. L\u00e5ngt maskulint huvud. Kunde ha mer underk\u00e4ke. V\u00e4nligt uttryck. Utm\u00e4rkt hals och resning, vinklar, topline och kors. V\u00e4lkroppad. R\u00f6r sig harmoniskt. Typisk svansaktion. Bra p\u00e4ls. Trevligt temperament.<\/td>\n<\/tr>\n<tr class=\"row-33\">\n\t<td class=\"column-1\">2018-09-02<\/td><td class=\"column-2\">Bart van Maren<br\/>(Nederl\u00e4nderna)<\/td><td class=\"column-3\">SSRK V\u00e4stra \/ Karlsborg<\/td><td class=\"column-4\">Valp 1<\/td><td class=\"column-5\">2-HP<\/td><td class=\"column-6\">Promising youngest. 4 months of age. Nice shaped head. Good eye set. Good dentition. Excellent ear set and carriage. Well angulated in front. Good topline and tailset. Good body. Lovely backend wich he used to his advantage on the move.<\/td>\n<\/tr>\n<tr class=\"row-34\">\n\t<td class=\"column-1\">2018-09-01<\/td><td class=\"column-2\">Kerstin Henriksson<\/td><td class=\"column-3\">SSRK V\u00e4stra \/ Karlsborg<\/td><td class=\"column-4\">Valp 1<\/td><td class=\"column-5\">1-HP, BIR, <b>BIS<\/b><\/td><td class=\"column-6\">4 m\u00e5nader. H\u00e4rliga proportioner. Mycket trevligt huvud. Utm\u00e4rkt \u00f6verlinje. V\u00e4lformad br\u00f6stkorg. Mycket bra ben, tassar och vinkling. En h\u00e4rlig kille som om utvecklingen forts\u00e4tter sp\u00e5s en fin framtid.<\/td>\n<\/tr>\n<\/tbody>\n<\/table>\n<!-- #tablepress-47 from cache -->\n","protected":false},"excerpt":{"rendered":"","protected":false},"author":1,"featured_media":0,"parent":0,"menu_order":0,"comment_status":"closed","ping_status":"closed","template":"","meta":{"footnotes":""},"class_list":["post-56","page","type-page","status-publish"],"_links":{"self":[{"href":"https:\/\/flatfnatt.duckdns.org\/index.php?rest_route=\/wp\/v2\/pages\/56","targetHints":{"allow":["GET"]}}],"collection":[{"href":"https:\/\/flatfnatt.duckdns.org\/index.php?rest_route=\/wp\/v2\/pages"}],"about":[{"href":"https:\/\/flatfnatt.duckdns.org\/index.php?rest_route=\/wp\/v2\/types\/page"}],"author":[{"embeddable":true,"href":"https:\/\/flatfnatt.duckdns.org\/index.php?rest_route=\/wp\/v2\/users\/1"}],"replies":[{"embeddable":true,"href":"https:\/\/flatfnatt.duckdns.org\/index.php?rest_route=%2Fwp%2Fv2%2Fcomments&post=56"}],"version-history":[{"count":1,"href":"https:\/\/flatfnatt.duckdns.org\/index.php?rest_route=\/wp\/v2\/pages\/56\/revisions"}],"predecessor-version":[{"id":57,"href":"https:\/\/flatfnatt.duckdns.org\/index.php?rest_route=\/wp\/v2\/pages\/56\/revisions\/57"}],"wp:attachment":[{"href":"https:\/\/flatfnatt.duckdns.org\/index.php?rest_route=%2Fwp%2Fv2%2Fmedia&parent=56"}],"curies":[{"name":"wp","href":"https:\/\/api.w.org\/{rel}","templated":true}]}}