{"id":284,"date":"2021-09-20T16:41:04","date_gmt":"2021-09-20T14:41:04","guid":{"rendered":"http:\/\/flatfnatt.duckdns.org\/?page_id=284"},"modified":"2021-09-20T16:41:04","modified_gmt":"2021-09-20T14:41:04","slug":"mh-torkel","status":"publish","type":"page","link":"https:\/\/flatfnatt.duckdns.org\/?page_id=284","title":{"rendered":"MH Torkel"},"content":{"rendered":"\n\n<table id=\"tablepress-13\" class=\"tablepress tablepress-id-13\">\n<thead>\n<tr class=\"row-1\">\n\t<th class=\"column-1\"><br\/><\/th><th class=\"column-2\">1<\/th><th class=\"column-3\">2<\/th><th class=\"column-4\">3<\/th><th class=\"column-5\">4<\/th><th class=\"column-6\">5<\/th><th class=\"column-7\">Rasen\/Torkel<\/th>\n<\/tr>\n<\/thead>\n<tbody class=\"row-striping row-hover\">\n<tr class=\"row-2\">\n\t<td class=\"column-1\">1a. KONTAKT H\u00e4lsning<\/td><td class=\"column-2\">Avvisar kontakt - morrning och\/eller bitf\u00f6rs\u00f6k.<\/td><td class=\"column-3\">Undviker kontakt - skyggar och drar sig undan.<\/td><td class=\"column-4\">Accepterar kontakt - helt oengagerad, men drar sig inte undan.<\/td><td class=\"column-5\"><b>Tar kontakt sj\u00e4lv eller n\u00e4r f\u00f6raren tar kontakt. Balanserad.<\/b><\/td><td class=\"column-6\">Intensivt kontakt beteende mot testledaren. Kan hoppa och gn\u00e4lla.<\/td><td class=\"column-7\">4.0 \/ 4<\/td>\n<\/tr>\n<tr class=\"row-3\">\n\t<td class=\"column-1\">1b. KONTAKT Samarbete<\/td><td class=\"column-2\">F\u00f6ljer ej med trots upprepade f\u00f6rs\u00f6k att locka.<\/td><td class=\"column-3\">F\u00f6ljer med motvilligt. Str\u00e4var mot f\u00f6raren eller stretar \u00e5t annat h\u00e5ll.<\/td><td class=\"column-4\"><b>F\u00f6ljer med hela str\u00e4ckan, neutral.<\/b><\/td><td class=\"column-5\">F\u00f6ljer med villigt. Engagerar sig.<\/td><td class=\"column-6\">F\u00f6ljer med villigt. visar intensivt intresse mot testledaren hoppar och gn\u00e4ller.<\/td><td class=\"column-7\">3.7 \/ 3<\/td>\n<\/tr>\n<tr class=\"row-4\">\n\t<td class=\"column-1\">1c. KONTAKT Hantering<\/td><td class=\"column-2\">Avvisar. Morrar och\/eller bitf\u00f6rs\u00f6k.<\/td><td class=\"column-3\">Undviker, drar sig undan, tar eventuellt kontakt med f\u00f6raren.<\/td><td class=\"column-4\">Accepterar. \u00c4r neutral.<\/td><td class=\"column-5\"><b>Accepterar. Svarar med kontaktbeteende.<\/b><\/td><td class=\"column-6\">Accepterar. Intensivt kontaktbeteende mot testledaren.<\/td><td class=\"column-7\">3.9 \/ 4<\/td>\n<\/tr>\n<tr class=\"row-5\">\n\t<td class=\"column-1\">2a. LEK Leklust<\/td><td class=\"column-2\"><b>Leker ej.<\/b><\/td><td class=\"column-3\">Leker ej men visar intresse.<\/td><td class=\"column-4\">Leker - startar l\u00e5ngsamt men blir aktiv.<\/td><td class=\"column-5\">Leker aktivt, startar snabbt.<\/td><td class=\"column-6\">Leker mycket aktivt, startar mycket snabbt.<\/td><td class=\"column-7\">4.1 \/ 1<\/td>\n<\/tr>\n<tr class=\"row-6\">\n\t<td class=\"column-1\">2b. LEK Gripande<\/td><td class=\"column-2\"><b>Griper ej.<\/b><\/td><td class=\"column-3\">Griper ej, nosar p\u00e5 f\u00f6rem\u00e5let.<\/td><td class=\"column-4\">Griper f\u00f6rsiktigt eller nyper i f\u00f6rem\u00e5let.<\/td><td class=\"column-5\">Griper direkt med hela munnen.<\/td><td class=\"column-6\">Griper direkt, hugger f\u00f6rem\u00e5let.<\/td><td class=\"column-7\">3.6 \/ 1<\/td>\n<\/tr>\n<tr class=\"row-7\">\n\t<td class=\"column-1\">2c. LEK Dragkamp<\/td><td class=\"column-2\">Biter ej.<\/td><td class=\"column-3\">Biter f\u00f6rsiktigt, sl\u00e4pper, h\u00e5ller, drar ej emot.<\/td><td class=\"column-4\"><b>Biter - drar emot, sl\u00e4pper, tar om.<\/b><\/td><td class=\"column-5\">Griper direkt med hela munnen, drar emot tills testledaren sl\u00e4pper.<\/td><td class=\"column-6\">Griper direkt med hela munnen, rycker, drar emot tills testledaren sl\u00e4pper.<\/td><td class=\"column-7\">3.4 \/ 3<\/td>\n<\/tr>\n<tr class=\"row-8\">\n\t<td class=\"column-1\">3a. JAKT F\u00f6rf\u00f6ljande<\/td><td class=\"column-2\">Startar ej.<\/td><td class=\"column-3\">Startar men avbryter.<\/td><td class=\"column-4\">Startar eller springer l\u00e5ngsamt. kan \u00f6ka farten. Fullf\u00f6ljer.<\/td><td class=\"column-5\"><b>Startar med h\u00f6g fart, m\u00e5linriktad - bromsar in vid bytet.<\/b><\/td><td class=\"column-6\">Startar direkt med h\u00f6g fart. Springer f\u00f6rbi bytet. Kan v\u00e4nda.<\/td><td class=\"column-7\">2.9 &amp; 3.0 \/ 4 &amp; 4<\/td>\n<\/tr>\n<tr class=\"row-9\">\n\t<td class=\"column-1\">3b. JAKT Gripande<\/td><td class=\"column-2\">Nonchalerar bytet\/springer ej fram.<\/td><td class=\"column-3\">Griper ej, nosar p\u00e5 f\u00f6rem\u00e5let.<\/td><td class=\"column-4\"><b>Griper tveksamt eller med tidsf\u00f6rdr\u00f6jning.<\/b><\/td><td class=\"column-5\">Griper direkt, sl\u00e4pper.<\/td><td class=\"column-6\">Griper direkt. Beh\u00e5ller bytet minst 3 sekunder.<\/td><td class=\"column-7\">2.2 &amp; 2.6 \/ 3 &amp; 3<\/td>\n<\/tr>\n<tr class=\"row-10\">\n\t<td class=\"column-1\">4. AKTIVITET<\/td><td class=\"column-2\">\u00c4r ouppm\u00e4rksam, ointresserad, inaktiv.<\/td><td class=\"column-3\">\u00c4r uppm\u00e4rksam och lugn, st\u00e5r, sitter eller ligger.<\/td><td class=\"column-4\">\u00c4r uppm\u00e4rksam och i huvudsak lugn. Enstaka aktivitets h\u00f6jningar.<\/td><td class=\"column-5\">\u00c4r uppm\u00e4rksam men n\u00e5got orolig, vandrar runt och nosar.<\/td><td class=\"column-6\"><b>\u00c4r orolig. V\u00e4xlar snabbt aktivitet.<\/b><\/td><td class=\"column-7\">2.9 \/ 5<\/td>\n<\/tr>\n<tr class=\"row-11\">\n\t<td class=\"column-1\">5a. AVST\u00c5NDSLEK Intresse<\/td><td class=\"column-2\">Engageras ej av figuranten. Ointresserad.<\/td><td class=\"column-3\"><b>Kontroll. Avbrott kan f\u00f6rekomma.<\/b><\/td><td class=\"column-4\">Intresserad, f\u00f6ljer figuranten utan avbrott.<\/td><td class=\"column-5\">Intresserad, vill iv\u00e4g. Enstaka starf\u00f6rs\u00f6k.<\/td><td class=\"column-6\">Mycket intresserad. Vill iv\u00e4g. Upprepade startf\u00f6rs\u00f6k.<\/td><td class=\"column-7\">3.0 \/ 2<\/td>\n<\/tr>\n<tr class=\"row-12\">\n\t<td class=\"column-1\">5b. AVST\u00c5NDSLEK Hot \/ Aggression<\/td><td class=\"column-2\"><b>Inga skall eller morrningar.<\/b><\/td><td class=\"column-3\">Enstaka skall och\/eller morrningar under momentets f\u00f6rsta del.<\/td><td class=\"column-4\">Enstaka skall och\/eller morrningar under momentets f\u00f6rsta och andra del.<\/td><td class=\"column-5\">Visat hotbeteenden, skall och morrningar under momentets f\u00f6rsta del.<\/td><td class=\"column-6\">Visat hotbeteenden, skall och morrningar under momentets f\u00f6rsta och andra del.<\/td><td class=\"column-7\">1.3 \/ 1<\/td>\n<\/tr>\n<tr class=\"row-13\">\n\t<td class=\"column-1\">5c. AVST\u00c5NDSLEK Nyfikenhet<\/td><td class=\"column-2\"><b>G\u00e5r ej fram till figuranten. Ointresserad. <\/b><\/td><td class=\"column-3\">G\u00e5r fram n\u00e4r figuranten pratar och bollar med f\u00f6rem\u00e5l.<\/td><td class=\"column-4\">G\u00e5r fram n\u00e4r figuranten ger sig tillk\u00e4nna.<\/td><td class=\"column-5\">G\u00e5r fram till figuranten med l\u00e5g kroppsst\u00e4llning och\/eller tidsf\u00f6rdr\u00f6jning.<\/td><td class=\"column-6\">G\u00e5r direkt fram till figuranten utan hj\u00e4lp.<\/td><td class=\"column-7\">3.4 \/ 1<\/td>\n<\/tr>\n<tr class=\"row-14\">\n\t<td class=\"column-1\">5d. AVST\u00c5NDSLEK Leklust<\/td><td class=\"column-2\"><b>Visar inget intresse.<\/b><\/td><td class=\"column-3\">Leker ej men visar intresse.<\/td><td class=\"column-4\">Leker, griper f\u00f6rsiktigt, sl\u00e4pper, drar ej emot.<\/td><td class=\"column-5\">Griper direkt. Kan sl\u00e4ppa och ta om. Drar emot.<\/td><td class=\"column-6\">Griper direkt med hela munnen. Drar emot, sl\u00e4pper ej.<\/td><td class=\"column-7\">3.2 \/ 1<\/td>\n<\/tr>\n<tr class=\"row-15\">\n\t<td class=\"column-1\">5e. AVST\u00c5NDSLEK Samarbete<\/td><td class=\"column-2\"><b>Visar inget intresse.<\/b><\/td><td class=\"column-3\">Blir aktiv men avbryter.<\/td><td class=\"column-4\">\u00c4r aktiv med figuranten n\u00e4r denne \u00e4r aktiv.<\/td><td class=\"column-5\">\u00c4r aktiv med figuranten. Intresse \u00e4ven mot passiv figurant.<\/td><td class=\"column-6\">Uppmanar passiv figurant till fortsatt lek.<\/td><td class=\"column-7\">2.6 \/ 1<\/td>\n<\/tr>\n<tr class=\"row-16\">\n\t<td class=\"column-1\">6a. \u00d6VERRASKNING R\u00e4dsla<\/td><td class=\"column-2\">Stannar, kort stopp.<\/td><td class=\"column-3\">Hukar sig och stannar.<\/td><td class=\"column-4\"><b>G\u00f6r undanman\u00f6ver utan att v\u00e4nda bort blicken.<\/b><\/td><td class=\"column-5\">Flyr h\u00f6gst fem meter.<\/td><td class=\"column-6\">Flyr mer \u00e4n fem meter.<\/td><td class=\"column-7\">2.7 \/ 3<\/td>\n<\/tr>\n<tr class=\"row-17\">\n\t<td class=\"column-1\">6b. \u00d6VERRASKNING Hot \/ Aggression<\/td><td class=\"column-2\"><b>Visar inga hotbeteenden.<\/b><\/td><td class=\"column-3\">Visar enstaka hotbeteenden.<\/td><td class=\"column-4\">Visar flera hotbeteenden under en l\u00e4ngre tid.<\/td><td class=\"column-5\">Visat flera hotbeteenden och n\u00e5gon attack.<\/td><td class=\"column-6\">Visar hotbeteenden och attacker som kan avslutas med bett.<\/td><td class=\"column-7\">2.0 \/ 1<\/td>\n<\/tr>\n<tr class=\"row-18\">\n\t<td class=\"column-1\">6c. \u00d6VERRASKNING Nyfikenhet<\/td><td class=\"column-2\"><b>G\u00e5r fram n\u00e4r f\u00f6raren l\u00e4gger ned overallen\/g\u00e5r inte fram. <\/b><\/td><td class=\"column-3\">G\u00e5r fram n\u00e4r f\u00f6raren sitter p\u00e5 huk och talar till overallen - lockar p\u00e5 hunden.<\/td><td class=\"column-4\">G\u00e5r fram till overallen n\u00e4r f\u00f6raren st\u00e5r bredvid.<\/td><td class=\"column-5\">G\u00e5r fram till overallen n\u00e4r f\u00f6raren har g\u00e5tt halva str\u00e4ckan.<\/td><td class=\"column-6\">G\u00e5r fram till overallen utan hj\u00e4lp.<\/td><td class=\"column-7\">3.3 \/ 1<\/td>\n<\/tr>\n<tr class=\"row-19\">\n\t<td class=\"column-1\">6d. \u00d6VERRASKNING Kvarst\u00e5ende r\u00e4dsla<\/td><td class=\"column-2\"><b>Ingen tempof\u00f6r\u00e4ndring eller undanman\u00f6ver.<\/b><\/td><td class=\"column-3\">Liten b\u00e5ge, eller liten tempov\u00e4xling, eller tittar bort vid n\u00e5gon av passagerna.<\/td><td class=\"column-4\">B\u00e5ge eller tempov\u00e4xling vid f\u00f6rsta passagen. Minskat utslag vid andra.<\/td><td class=\"column-5\">B\u00e5ge eller tempov\u00e4xling vid minst tv\u00e5 passager utan minskad intensitet mellan tillf\u00e4llena.<\/td><td class=\"column-6\">Visar stort m\u00e5tt av r\u00e4dsla eller \u00f6kad r\u00e4dsla efter samtliga passager.<\/td><td class=\"column-7\">1.6 \/ 1<\/td>\n<\/tr>\n<tr class=\"row-20\">\n\t<td class=\"column-1\">6e. \u00d6VERRASKNING Kvarst\u00e5ende intresse<\/td><td class=\"column-2\"><b>Inget intresse f\u00f6r overallen.<\/b><\/td><td class=\"column-3\">Stannar upp. Luktar\/tittar p\u00e5 overallen vid minst ett tillf\u00e4lle.<\/td><td class=\"column-4\">Stannar upp. Luktar\/tittar p\u00e5 overallen vid minst tv\u00e5 tillf\u00e4llen.<\/td><td class=\"column-5\">Biter i\/leker mot overallen. Intresset minskar efter hand.<\/td><td class=\"column-6\">Biter i\/leker mot overallen vid tv\u00e5 eller fler passager.<\/td><td class=\"column-7\">1.7 \/ 1<\/td>\n<\/tr>\n<tr class=\"row-21\">\n\t<td class=\"column-1\">7a. LJUDK\u00c4NSLIGHET R\u00e4dsla<\/td><td class=\"column-2\"><b>Stannar, kort stopp. <\/b><\/td><td class=\"column-3\">Hukar sig och stannar.<\/td><td class=\"column-4\">G\u00f6r undanman\u00f6ver utan att v\u00e4nda bort blicken.<\/td><td class=\"column-5\">Flyr h\u00f6gst fem meter.<\/td><td class=\"column-6\">Flyr med \u00e4n fem meter.<\/td><td class=\"column-7\">2.1 \/ 1<\/td>\n<\/tr>\n<tr class=\"row-22\">\n\t<td class=\"column-1\">7b. LJUDK\u00c4NSLIGHET Nyfikenhet<\/td><td class=\"column-2\"><b>G\u00e5r inte fram.<\/b><\/td><td class=\"column-3\">G\u00e5r fram n\u00e4r f\u00f6raren sitter p\u00e5 huk och talar till skramlet - lockar p\u00e5 hunden.<\/td><td class=\"column-4\">G\u00e5r fram till skramlet d\u00e5 f\u00f6raren st\u00e5r bredvid.<\/td><td class=\"column-5\">G\u00e5r fram till skramlet d\u00e5 f\u00f6raren g\u00e5tt halva str\u00e4ckan.<\/td><td class=\"column-6\">G\u00e5r fram till skramlet utan hj\u00e4lp.<\/td><td class=\"column-7\">4.1 \/ 1<\/td>\n<\/tr>\n<tr class=\"row-23\">\n\t<td class=\"column-1\">7c. LJUDK\u00c4NSLIGHET Kvarst\u00e5ende r\u00e4dsla<\/td><td class=\"column-2\"><b>Ingen tempof\u00f6r\u00e4ndring eller undanman\u00f6ver.<\/b><\/td><td class=\"column-3\">Liten b\u00e5ge, eller liten tempo-v\u00e4xling, eller tittar bort vid n\u00e5gon av passagerna.<\/td><td class=\"column-4\">B\u00e5ge eller tempov\u00e4xling vid f\u00f6rsta passagen. Minskat utslag vid andra.<\/td><td class=\"column-5\">B\u00e5ge eller tempov\u00e4xling vid minst tv\u00e5 passager utan minskad intensitet mellan tillf\u00e4llena.<\/td><td class=\"column-6\">Visar stort m\u00e5tt av r\u00e4dsla eller \u00f6kad r\u00e4dsla efter samtliga passager.<\/td><td class=\"column-7\">1.4 \/ 1<\/td>\n<\/tr>\n<tr class=\"row-24\">\n\t<td class=\"column-1\">7d. LJUDK\u00c4NSLIGHET Kvarst\u00e5ende intresse<\/td><td class=\"column-2\"><b>Inget intresse f\u00f6r ljudk\u00e4llan.<\/b><\/td><td class=\"column-3\">Stannar upp. Luktar\/tittar p\u00e5 ljudk\u00e4llan vid minst ett tillf\u00e4lle.<\/td><td class=\"column-4\">Stannar upp. Luktar\/tittar p\u00e5 ljudk\u00e4llan vid minst tv\u00e5 tillf\u00e4llen.<\/td><td class=\"column-5\">Biter i\/leker mot skramlet. Intresset minskar efter hand.<\/td><td class=\"column-6\">Biter i\/leker mot skramlet vid tv\u00e5 eller fler passager.<\/td><td class=\"column-7\">1.7 \/ 1<\/td>\n<\/tr>\n<tr class=\"row-25\">\n\t<td class=\"column-1\">8a. SP\u00d6KEN Hot \/ Aggression<\/td><td class=\"column-2\">Visar inga hotbeteenden<\/td><td class=\"column-3\"><b>Visar enstaka hotbeteenden.<\/b><\/td><td class=\"column-4\">Visar flera hotbeteenden under en l\u00e4ngre tid.<\/td><td class=\"column-5\">Visar flera hotbeteenden och n\u00e5gon attack.<\/td><td class=\"column-6\">Visar hotbeteenden och flera attacker.<\/td><td class=\"column-7\">2.2 \/ 2<\/td>\n<\/tr>\n<tr class=\"row-26\">\n\t<td class=\"column-1\">8b. SP\u00d6KEN Kontroll<\/td><td class=\"column-2\">Enstaka kontroll d\u00e4refter inget intresse\/sk\u00e4rmar av sig.<\/td><td class=\"column-3\">Tittar till mot sp\u00f6kena d\u00e5 och d\u00e5<\/td><td class=\"column-4\">Kontrollerar\/handlar mot sp\u00f6kena. L\u00e5nga avbrott.<\/td><td class=\"column-5\"><b>Kontrollerar\/handlar mot b\u00e5da sp\u00f6kena. Kortare avbrott. <\/b><\/td><td class=\"column-6\">Kontrollerar\/handlar mot b\u00e5da sp\u00f6kena under hela momentet.<\/td><td class=\"column-7\">3.8 \/ 4<\/td>\n<\/tr>\n<tr class=\"row-27\">\n\t<td class=\"column-1\">8c. SP\u00d6KEN R\u00e4dsla<\/td><td class=\"column-2\"><b>Uppeh\u00e5ller sig i huvudsak framf\u00f6r eller bredvid f\u00f6raren. <\/b><\/td><td class=\"column-3\">Uppeh\u00e5ller sig i huvudsak framf\u00f6r eller bredvid f\u00f6raren. N\u00e5gon avst\u00e5ndsreglering.<\/td><td class=\"column-4\">Uppeh\u00e5ller sig i huvudsak framf\u00f6r eller bredvid f\u00f6raren. Pendlar mellan flyktstart och kontroll.<\/td><td class=\"column-5\">Uppeh\u00e5ller sig i huvudsak bakom f\u00f6raren. Pendlar mellan flyktstart och kontroll.<\/td><td class=\"column-6\">Flyr l\u00e4ngre \u00e4n kopplets l\u00e4ngd. Kan ta st\u00f6d av publiken eller l\u00e4mna platsen.<\/td><td class=\"column-7\">2.4 \/ 1<\/td>\n<\/tr>\n<tr class=\"row-28\">\n\t<td class=\"column-1\">8d. SP\u00d6KEN Nyfikenhet<\/td><td class=\"column-2\">G\u00e5r fram n\u00e4r f\u00f6raren har tagit av figurantens f\u00f6rkl\u00e4dnad.<\/td><td class=\"column-3\">G\u00e5r fram n\u00e4r f\u00f6raren talar med med figuranten\/lockar p\u00e5 hunden.<\/td><td class=\"column-4\">G\u00e5r fram till sp\u00f6ket n\u00e4r f\u00f6raren st\u00e5r bredvid.<\/td><td class=\"column-5\">G\u00e5r fram till sp\u00f6ket n\u00e4r f\u00f6raren g\u00e5tt halva avst\u00e5ndet.<\/td><td class=\"column-6\"><b>G\u00e5r fram till sp\u00f6ket utan hj\u00e4lp. <\/b><\/td><td class=\"column-7\">3.4 \/ 5<\/td>\n<\/tr>\n<tr class=\"row-29\">\n\t<td class=\"column-1\">8e. SP\u00d6KEN Kontakt<\/td><td class=\"column-2\">Avvisar eller undviker kontaktf\u00f6rs\u00f6k.<\/td><td class=\"column-3\">Accepterar kontakt - helt oengagerad, men drar sig inte undan.<\/td><td class=\"column-4\">Besvarar kontakt n\u00e4r figuranten bjuder<\/td><td class=\"column-5\"><b>Tar kontakt sj\u00e4lv. Balanserad. <\/b><\/td><td class=\"column-6\">Intensivt kontaktbeteende mot figuranten. Kan hoppa och gn\u00e4lla.<\/td><td class=\"column-7\">3.9 \/ 4<\/td>\n<\/tr>\n<tr class=\"row-30\">\n\t<td class=\"column-1\">9a. LEK 2 Leklust<\/td><td class=\"column-2\">Leker ej.<\/td><td class=\"column-3\">Leker ej men visar intresse.<\/td><td class=\"column-4\">Leker - startar l\u00e5ngsamt men blir aktiv.<\/td><td class=\"column-5\"><b>Leker aktivt, startar snabbt. <\/b><\/td><td class=\"column-6\">Leker mycket aktivt, startar mycket snabbt.<\/td><td class=\"column-7\">3.8 \/ 4<\/td>\n<\/tr>\n<tr class=\"row-31\">\n\t<td class=\"column-1\">9b. LEK 2 Griper<\/td><td class=\"column-2\">Griper ej.<\/td><td class=\"column-3\">Griper ej, nosar p\u00e5 f\u00f6rem\u00e5let.<\/td><td class=\"column-4\"><b>Griper f\u00f6rsiktigt eller nyper i f\u00f6rem\u00e5let. <\/b><\/td><td class=\"column-5\">Griper direkt med hela munnen.<\/td><td class=\"column-6\">Griper direkt, hugger f\u00f6rem\u00e5let.<\/td><td class=\"column-7\">3.5 \/ 3<\/td>\n<\/tr>\n<tr class=\"row-32\">\n\t<td class=\"column-1\">10. SKOTT<\/td><td class=\"column-2\"><b>Visar ingen ber\u00f6rdhet. Snabb kontroll och sedan helt ober\u00f6rd. <\/b><\/td><td class=\"column-3\">Kontroller som f\u00f6rsvinner efter f\u00f6rsta skotten. Bryter men upptar startad aktivitet.<\/td><td class=\"column-4\">Avtagande reaktioner p\u00e5 skotten\/riktar intresse mot skytten\/\u00e5terg\u00e5r till aktivitet\/passivitet.<\/td><td class=\"column-5\">Avbryter aktivitet\/l\u00e5ser mot skytten. Kan ej \u00e5terg\u00e5 till lek\/passivitet.<\/td><td class=\"column-6\">Kvarst\u00e5ende oro efter flera skott. Avbryter efter tydliga flykttendenser\/avst\u00e5r skott.<\/td><td class=\"column-7\">1.5 \/ 1<\/td>\n<\/tr>\n<\/tbody>\n<\/table>\n<!-- #tablepress-13 from cache -->\n","protected":false},"excerpt":{"rendered":"","protected":false},"author":1,"featured_media":0,"parent":0,"menu_order":0,"comment_status":"closed","ping_status":"closed","template":"","meta":{"footnotes":""},"class_list":["post-284","page","type-page","status-publish"],"_links":{"self":[{"href":"https:\/\/flatfnatt.duckdns.org\/index.php?rest_route=\/wp\/v2\/pages\/284","targetHints":{"allow":["GET"]}}],"collection":[{"href":"https:\/\/flatfnatt.duckdns.org\/index.php?rest_route=\/wp\/v2\/pages"}],"about":[{"href":"https:\/\/flatfnatt.duckdns.org\/index.php?rest_route=\/wp\/v2\/types\/page"}],"author":[{"embeddable":true,"href":"https:\/\/flatfnatt.duckdns.org\/index.php?rest_route=\/wp\/v2\/users\/1"}],"replies":[{"embeddable":true,"href":"https:\/\/flatfnatt.duckdns.org\/index.php?rest_route=%2Fwp%2Fv2%2Fcomments&post=284"}],"version-history":[{"count":1,"href":"https:\/\/flatfnatt.duckdns.org\/index.php?rest_route=\/wp\/v2\/pages\/284\/revisions"}],"predecessor-version":[{"id":285,"href":"https:\/\/flatfnatt.duckdns.org\/index.php?rest_route=\/wp\/v2\/pages\/284\/revisions\/285"}],"wp:attachment":[{"href":"https:\/\/flatfnatt.duckdns.org\/index.php?rest_route=%2Fwp%2Fv2%2Fmedia&parent=284"}],"curies":[{"name":"wp","href":"https:\/\/api.w.org\/{rel}","templated":true}]}}