{"id":2321,"date":"2024-03-16T08:08:54","date_gmt":"2024-03-16T07:08:54","guid":{"rendered":"https:\/\/flatfnatt.duckdns.org\/?page_id=2321"},"modified":"2024-03-16T08:08:54","modified_gmt":"2024-03-16T07:08:54","slug":"utstallning-gunther","status":"publish","type":"page","link":"https:\/\/flatfnatt.duckdns.org\/?page_id=2321","title":{"rendered":"Utst\u00e4llning G\u00fcnther"},"content":{"rendered":"\n\n<table id=\"tablepress-82\" class=\"tablepress tablepress-id-82\">\n<thead>\n<tr class=\"row-1\">\n\t<th class=\"column-1\">DATUM<\/th><th class=\"column-2\">DOMARE<\/th><th class=\"column-3\">ARRANG\u00d6R\/PLATS<\/th><th class=\"column-4\">KLASS<\/th><th class=\"column-5\">RESULTAT<\/th><th class=\"column-6\">KRITIK<\/th>\n<\/tr>\n<\/thead>\n<tbody class=\"row-striping row-hover\">\n<tr class=\"row-2\">\n\t<td class=\"column-1\">2025-11-29<\/td><td class=\"column-2\">Lena H\u00e4gglund<\/td><td class=\"column-3\">FRK V\u00e4stra Adventsutst\u00e4llning \/ V\u00e4nedal<\/td><td class=\"column-4\">Champion<br \/>\n<\/td><td class=\"column-5\">2, HP, Bhkl-4<br\/>(INOFF)<\/td><td class=\"column-6\">2.5 \u00e5r. Ungdomlig CH hanne av utm\u00e4rkt typ. Maskulint huvud. Bra uttryck. V\u00e4lplacerad hals. Stark rygg. Utm\u00e4rkt f\u00f6rbr\u00f6st. Tillr\u00e4ckligt djup i br\u00f6stkorg. V\u00e4lvinklad fram och bak. R\u00f6r sig med utm\u00e4rkt steg. Prima p\u00e4lskvalitet. V\u00e4lvisad och v\u00e4l v\u00e4rd sin championtitel. Fin storlek.<\/td>\n<\/tr>\n<tr class=\"row-3\">\n\t<td class=\"column-1\">2025-11-15<\/td><td class=\"column-2\">Helle Dan<br\/><br \/>\n(Danmark)<\/td><td class=\"column-3\">SSRK S\u00f6dra<\/td><td class=\"column-4\">Champion<\/td><td class=\"column-5\">Excellent-1, CK, Bhkl-1, <b>BIR<\/b><\/td><td class=\"column-6\">Elegant modell. H\u00e4rlig strl. Maskulint huvud med tillr l\u00e4ngd. Lite rund skalle. Utm hals. Harmoniskt vinklad. H\u00e4rlig \u00f6verlinje o<br \/>\nsvansans\u00e4ttning. Tillr f\u00f6rbr\u00f6st. Utm benstomme tassar. R\u00f6r sig flytande o precist. Utm temperament o p\u00e4ls.<\/td>\n<\/tr>\n<tr class=\"row-4\">\n\t<td class=\"column-1\">2025-09-07<\/td><td class=\"column-2\">Johan Andersson<\/td><td class=\"column-3\">Sm\u00e5land-\u00d6lands Kennelklubb \/ L\u00f6ttorp<\/td><td class=\"column-4\">\u00d6ppen<br \/>\n<\/td><td class=\"column-5\">Excellent-2, CK<\/td><td class=\"column-6\">Hane med fina proportioner. Maskulint huvud med ganska bra profil. Fina \u00f6gon. Vacker hals. Stark rygg. Anv\u00e4nder sin svans v\u00e4l.<br \/>\nLagom vinklad. Fint f\u00f6rbr\u00f6st. Fina tassar. V\u00e4lformad br\u00f6stkorg. Prydliga, stabila r\u00f6relser med bra driv. Bra p\u00e4ls. Trevligt temperament.<br \/>\nV\u00e4lvisad.<\/td>\n<\/tr>\n<tr class=\"row-5\">\n\t<td class=\"column-1\">2025-08-23<\/td><td class=\"column-2\">Leni Finne<br\/><br \/>\n(Finland)<\/td><td class=\"column-3\">V\u00e4stra Kennelklubben \/ Ljungskile<\/td><td class=\"column-4\">\u00d6ppen<br \/>\n<\/td><td class=\"column-5\">Excellent-1, CK, Bhkl-1, <b>Cert<\/b>, <b>BIM<\/b><\/td><td class=\"column-6\">fina propotioner, passande benstomme, korrekt huvudform, m\u00f6rka n\u00e5got djupt liggande \u00f6gon, korrekta \u00f6ron hals o \u00f6verlinje, korrekt<br \/>\nbr\u00f6stkorg, balanserade vinklar, korrekt stegl\u00e4ngd<\/td>\n<\/tr>\n<tr class=\"row-6\">\n\t<td class=\"column-1\">2025-08-16<\/td><td class=\"column-2\">Michael Ganzer<\/td><td class=\"column-3\">\u00d6sterg\u00f6tlands Kennelklubb \/ Norrk\u00f6ping<\/td><td class=\"column-4\">\u00d6ppen<br \/>\n<\/td><td class=\"column-5\">Excellent-4<\/td><td class=\"column-6\">utm typ och helhet, bra storlek, fin k\u00f6nspr\u00e4gel, bra huvud, v\u00e4lplacerade \u00f6ron, m\u00f6rka \u00f6gon, bra nosparti, korrekt bett, utm topline<br \/>\nv\u00e4lburen svans, bra f\u00f6rbr\u00f6st, utm br\u00f6stkorg, v\u00e4lvinklad runt o, utm p\u00e4ls struktur och f\u00e4rg, balanserad i r\u00f6relse runt om.<\/td>\n<\/tr>\n<tr class=\"row-7\">\n\t<td class=\"column-1\">2025-07-11<\/td><td class=\"column-2\">Jeanette Balkan<\/td><td class=\"column-3\">Hallands Kennelklubb \/ Tv\u00e5\u00e5ker<\/td><td class=\"column-4\">Unghund<\/td><td class=\"column-5\">Excellent-1, CK, Bhkl-4, <b>R-Cert<\/b><\/td><td class=\"column-6\">v\u00e4lkonstruerad hane av korr storlek, h\u00e4rligt temperament, maskulint huvud, v\u00e4lansatta \u00f6ron, bra \u00f6gon, korr bett, acceptabel hals, stark<br \/>\n\u00f6verlinje som sjunker lite i r\u00f6relse, bra f\u00f6rbr\u00f6st bra djup och l\u00e4ngd p\u00e5 br\u00f6stkorg, stark l\u00e4nd, bra benstomme och tassa, v\u00e4lvinklad, d\u00f6r<br \/>\nsig med bra ste, bra p\u00e4ls<\/td>\n<\/tr>\n<tr class=\"row-8\">\n\t<td class=\"column-1\">2025-06-29<\/td><td class=\"column-2\">Bertil Lundgren<\/td><td class=\"column-3\">S\u00f6dra \u00c4lvsborgs Kennelklubb \/ Bor\u00e5s<\/td><td class=\"column-4\">Unghund<\/td><td class=\"column-5\">Excellent-1, CK, Bhkl-4, <b>R-Cert<\/b><\/td><td class=\"column-6\">Bra storlek goda proportioner, v\u00e4lformat huvud med bra l\u00e4ngd, bra stop, v\u00e4lformade \u00f6gon, bra hals v\u00e4l tillbakalagd skuldra<br \/>\ntillr\u00e4ckliga vinklar fram l\u00e5ng v\u00e4lformad br\u00f6stkorg fin \u00f6verlinje v\u00e4lvinklad bak, bra l\u00e5rbredd, r\u00f6r sig med h\u00e4rlig attityd och l\u00e5ngt<br \/>\nv\u00e4gvinnande steg. Bra benstomme och p\u00e4ls.<\/td>\n<\/tr>\n<tr class=\"row-9\">\n\t<td class=\"column-1\">2025-06-15<\/td><td class=\"column-2\">Annelie Karlsson<\/td><td class=\"column-3\">SSRK Sm\u00e5land \/ Gr\u00e4nna<\/td><td class=\"column-4\">Unghund<\/td><td class=\"column-5\">Excellent-1, CK, Bhkl-2, <b>R-Cert<\/b><\/td><td class=\"column-6\">22 m\u00e5naders hane av utm\u00e4rkt typ. Vackert maskulint v\u00e4lskuret huvud som \u00e4r gjutet i ett stycke. Fina v\u00e4lplacerade \u00f6ron. L\u00e4cker hals<br \/>\nsom \u00f6verg\u00e5r i en plan rygg och avslutas med en v\u00e4l ansatt svans. H\u00e4rligt f\u00f6rbr\u00f6st och br\u00f6stdjup. Utm vinklar. H\u00e4rlig l\u00e5rbredd. Utm<br \/>\ntassar. Mycket bra p\u00e4lskvalit\u00e9. R\u00f6r sig med fritt, parallellt steg. H\u00e4rliga v\u00e4gvinnande r\u00f6relser fr\u00e5n sidan. V\u00e4lpresenterad.<\/td>\n<\/tr>\n<tr class=\"row-10\">\n\t<td class=\"column-1\">2025-05-18<\/td><td class=\"column-2\">Izabela Kulczycka<\/td><td class=\"column-3\">FRK \/ Ulriksdal<\/td><td class=\"column-4\">Unghund<\/td><td class=\"column-5\">Excellent-1, CK, Bhkl-3, <b>Cert<\/b><\/td><td class=\"column-6\">Very nice male, correct size lovely masc head well filled in, really good front angulation, plenty of heartroom, good spring of ribs and<br \/>\nshort loin, lovely topline, strong backend, moves with drive<\/td>\n<\/tr>\n<tr class=\"row-11\">\n\t<td class=\"column-1\">2025-05-17<\/td><td class=\"column-2\">Mandy Romeo-Dieste<\/td><td class=\"column-3\">SSRK \u00d6stra \/ Ulriksdal<\/td><td class=\"column-4\">Unghund<\/td><td class=\"column-5\">Excellent-1, CK, Bhkl-3, <b>R-Cert<\/b><\/td><td class=\"column-6\">Good head Dark well-shaped eye Good lay of shoulder with level topline Pronounced forechest Deep rib Quality bone and tight feet<br \/>\nCorrect tailset Well-developed thigh Moved out well in profile<\/td>\n<\/tr>\n<tr class=\"row-12\">\n\t<td class=\"column-1\">2025-05-04<\/td><td class=\"column-2\">B\u00f6rje Johansson<\/td><td class=\"column-3\">SSRK S\u00f6dra \/ Bjuv<\/td><td class=\"column-4\">Unghund<\/td><td class=\"column-5\">Excellent-1, CK, Bhkl-2, <b>R-Cert<\/b><\/td><td class=\"column-6\">Vacker helhet. Fina proportioner i s\u00e5v\u00e4l huvud som kropp. Maskulint huvud som \u00e4r l\u00e5ngt. Obetydligt stop allt gjutet i ett stycke.<br \/>\nV\u00e4lmusklad stark hals. Utm front Raka framben. Stark \u00f6verlinje. V\u00e4lansatt svans. V\u00e4lutvecklad br\u00f6stkorg m fin v\u00e4lvning \u00e5 mitten. Starka<br \/>\nl\u00e5r. V\u00e4lvinklad kn\u00e4 o has. Utstr\u00e5lar styrka utan att vara klumpig. Vacker p\u00e4ls. R\u00f6r sig ngt ostabilt fram i \u00f6vrigt ua. V\u00e4lvisad.<\/td>\n<\/tr>\n<tr class=\"row-13\">\n\t<td class=\"column-1\">2025-05-03<\/td><td class=\"column-2\">Mats Jonsson<\/td><td class=\"column-3\">SKK \/ Skara<\/td><td class=\"column-4\">Unghund<\/td><td class=\"column-5\">Excellent-1, CK, Bhkl-3, <b>R-Cert<\/b><\/td><td class=\"column-6\">korrekta propportioner,v\u00e4lformat huvud,ngt halsskinn mkt bra \u00f6verlinje,v\u00e4lformad br\u00f6stkorg korrekt vinkling bra benstomme ,r\u00f6r sig v\u00e4l<br \/>\nfr\u00e5n sidan ngt tr\u00e5ng bak<\/td>\n<\/tr>\n<tr class=\"row-14\">\n\t<td class=\"column-1\">2025-04-05<\/td><td class=\"column-2\">Camilla B\u00e4ckman<\/td><td class=\"column-3\">SSRK V\u00e4stra \/ Kungsbacka<\/td><td class=\"column-4\">Unghund<\/td><td class=\"column-5\">Excellent-1, CK, Bhkl-2, <b>R-Cert<\/b><\/td><td class=\"column-6\">Tilltalande ung hane av fin modell. L\u00e5ngt maskulint huvud ngt ljusa \u00f6gon, flott hals och \u00f6verlinje v\u00e4lvinklad fram och bak bra f\u00f6rbr\u00f6st<br \/>\noch br\u00f6stkorg aning l\u00e5ng i sin l\u00e4nd, raka fina framben bra benstomme, v\u00e4lvinklad bak, r\u00f6r sig med bra steg fr\u00e5n sidan kunde ha lite<br \/>\nb\u00e4ttre p\u00e5skjut utm\u00e4rkt p\u00e4ls<\/td>\n<\/tr>\n<tr class=\"row-15\">\n\t<td class=\"column-1\">2025-03-23<\/td><td class=\"column-2\">Anna Geschwindt Eriksson<\/td><td class=\"column-3\">SKK \/ V\u00e4nersborg<\/td><td class=\"column-4\">Unghund<\/td><td class=\"column-5\">Excellent-2, CK<\/td><td class=\"column-6\">Maskulin hane, utm\u00e4rkt typ. Utm\u00e4rkta proportioner. L\u00e5ngt v\u00e4lskuret huvud, djupt liggande \u00f6gon st\u00f6r uttrycket. Utm\u00e4rkt hals och<br \/>\nresning. Utm\u00e4rkta vinklar, kraftfull benstomme, bra tassar. Utm\u00e4rkt kropp, kort stark l\u00e4nd. Bra svansans\u00e4ttning, kraftfullt bakst\u00e4ll. R\u00f6r<br \/>\nsig v\u00e4l fr\u00e5n sidan, n\u00e5got hastr\u00e5ngt bak. Utm\u00e4rkt p\u00e4ls.<\/td>\n<\/tr>\n<tr class=\"row-16\">\n\t<td class=\"column-1\">2025-03-16<\/td><td class=\"column-2\">Stein Feragen<\/td><td class=\"column-3\">SRRK \u00d6sterg\u00f6tland \/ Mj\u00f6lby<\/td><td class=\"column-4\">Unghund<\/td><td class=\"column-5\">Excellent-1, CK, Bhkl-4<\/td><td class=\"column-6\">hanhund av utm typ o storlek, maskulint v\u00e4lskuret huvud m h\u00e4rligt uttryck, korrekt bett, utm hals o \u00f6verlinje, h\u00e4\u00f6rligt viftande p\u00e4ls med<br \/>\nkorrekt svansans\u00e4ttning, mkt bra vinklar fram o bak, utm kropp f\u00f6r \u00e5ldern, passande benstomme , r\u00f6r sig med stil o elegans ngt tr\u00e5ng<br \/>\nbak, mkt bra p\u00e4ls, trevligt temperament, v\u00e4lvisad<\/td>\n<\/tr>\n<tr class=\"row-17\">\n\t<td class=\"column-1\">2025-01-18<\/td><td class=\"column-2\">Martin Adner<\/td><td class=\"column-3\">SSRK Bergslagen<\/td><td class=\"column-4\">Junior<\/td><td class=\"column-5\">Excellent-1, CK, Bhkl-2, <b>R-Cert<\/b><\/td><td class=\"column-6\">17 m\u00e5nader v\u00e4lutvecklad hane utm typ o helhet vackert v\u00e4lskuret huvud rena linjer saxbett v\u00e4llagd skuldra bra \u00f6verarm vacker hals o<br \/>\n\u00f6verlinje v\u00e4lformad br\u00f6stkorg utm f\u00f6rbr\u00f6st utm kors o l\u00e5rbredd goda bakbensvinklar r\u00f6r sig mkt bra runt om utm drive o stegl\u00e4ngd utm<br \/>\np\u00e4ls o temperament<\/td>\n<\/tr>\n<tr class=\"row-18\">\n\t<td class=\"column-1\">2024-11-09<\/td><td class=\"column-2\">Lone Wandel<\/td><td class=\"column-3\">SSRK S\u00f6dra \/ \u00c5storp<\/td><td class=\"column-4\">Junior<\/td><td class=\"column-5\">Excellent-1, CK<\/td><td class=\"column-6\">15 m\u00e5n hane, utm prop, mask huvud, utm uttryck, bra stop, v\u00e4lansatta \u00f6ron, aning rak skuldra, bra f\u00f6rbr\u00f6st, v\u00e4lkroppad, stark l\u00e4nd,<br \/>\naning kohasig, bra benstomme, bra tassar, r\u00f6r sig tr\u00e5ngt bak, n\u00e5got in\u00e5tt\u00e5ad fram, utm \u00f6verlinje i r\u00f6relse, \u00f6nskar mer drive utm<br \/>\ntemperament<\/td>\n<\/tr>\n<tr class=\"row-19\">\n\t<td class=\"column-1\">2024-11-02<\/td><td class=\"column-2\">Saija Juutilainen<\/td><td class=\"column-3\">Sm\u00e5land-\u00d6lands Kennelklubb \/ V\u00e4xj\u00f6<\/td><td class=\"column-4\">Junior<\/td><td class=\"column-5\">Excellent-1, CK, <b>CACIB-J<\/b><\/td><td class=\"column-6\">15 m\u00e5nader, unghane med fin balans l\u00e5ng fin br\u00f6stkorg, bra benstomme och tassar vinklar i balans, maskulint huvud och uttryck<br \/>\nkorrekt bett v\u00e4lansatt hals stram rygglinje och korrekt svans fina beh\u00e4ng r\u00f6r sig tillr\u00e4ckligt parallell och har l\u00e4tt drive fr\u00e5n sidan med<br \/>\nperfekt \u00f6verlinje och resning i fin muskelkondition.<\/td>\n<\/tr>\n<tr class=\"row-20\">\n\t<td class=\"column-1\">2024-10-27<\/td><td class=\"column-2\">Hans Almgren<\/td><td class=\"column-3\">SSRK \u00d6sterg\u00f6tland \/ Mj\u00f6lby<\/td><td class=\"column-4\">Junior<\/td><td class=\"column-5\">Excellent-1, CK, Bhkl-3, <b>R-Cert<\/b><\/td><td class=\"column-6\">Mycket vacker 1.5 \u00e5r. Beh\u00f6ver strama upp sig i huvudet. Korrekt bett. Huvud-kropp passar ihop. Fin \u00f6verg\u00e5ng nacke-rygg. Lagom kropp. Kunde vara n\u00e5got kortare i  l\u00e4nd. Bra l\u00e5rbredd. Anvlder det han har p\u00e5 utm\u00e4rkt s\u00e4tt i r\u00f6relser.<\/td>\n<\/tr>\n<tr class=\"row-21\">\n\t<td class=\"column-1\">2024-07-27<\/td><td class=\"column-2\">Ragnhild Ulin<\/td><td class=\"column-3\">V\u00e4rmlands Kennelklubb \/ Rans\u00e4ter<\/td><td class=\"column-4\">Junior<\/td><td class=\"column-5\">Excellent-3, CK<\/td><td class=\"column-6\">Medelstor, v\u00e4lbalanserad, medelstor som kr\u00e4ver kraft och elegans, visa utm kondition, aningen grov i skallen, kunde \u00f6nska b\u00e4ttre<br \/>\nutfyllnad under i \u00f6gonpartiet, flott v\u00e4lansatt hals, korrekta vinklar, passande benstomme, stram \u00f6verlinje i st\u00e5ende och g\u00e5ende, r\u00f6r sig<br \/>\ntr\u00e5ngt bak f\u00f6r \u00f6vrigt bra, fin p\u00e4ls, trevligt temperament.<\/td>\n<\/tr>\n<tr class=\"row-22\">\n\t<td class=\"column-1\">2024-07-05<\/td><td class=\"column-2\">Henric Fryckstrand<\/td><td class=\"column-3\">Hallands Kennelklubb \/ Tv\u00e5\u00e5ker<\/td><td class=\"column-4\">Junior<\/td><td class=\"column-5\">Excellent-1<\/td><td class=\"column-6\">Fin junior. Bra storlek. Vackert v\u00e4lskuret huvud, bra uttryck. Fina \u00f6gon. V\u00e4lansatt hals, knappt vinklad fram. Borde ha mer f\u00f6rbr\u00f6st.<br \/>\nUtm\u00e4rkt benstomme och bra tassar. V\u00e4lutvecklad br\u00f6stkorg. Kort stark l\u00e4nd, bra rygg och kors. Kort svans. Starkt bakst\u00e4ll. R\u00f6r sig med<br \/>\nstil, v\u00e4lsk\u00f6tt p\u00e4ls, v\u00e4lpresenterad. H\u00e4rligt temperament<\/td>\n<\/tr>\n<tr class=\"row-23\">\n\t<td class=\"column-1\">2024-07-04<\/td><td class=\"column-2\">Jennie Andersson<\/td><td class=\"column-3\">Hallands Kennelklubb \/ Tv\u00e5\u00e5ker<\/td><td class=\"column-4\">Junior<\/td><td class=\"column-5\">Excellent-2, CK<\/td><td class=\"column-6\">Fin modell utm\u00e4rkta proportioner bra huvud och uttryck flott hals och resning normalvinklad fram v\u00e4lvinklad bak fin kropp f\u00f6r \u00e5ldern<br \/>\nmycket fin kille som h\u00e5ller v\u00e4l ihop r\u00f6r sig utm\u00e4rkt fr\u00e5n sidan med fin stegl\u00e4ngd slarvar fram h\u00e4rligt temperament v\u00e4lvisad<\/td>\n<\/tr>\n<tr class=\"row-24\">\n\t<td class=\"column-1\">2024-06-16<\/td><td class=\"column-2\">Theres Johansson<\/td><td class=\"column-3\">SSRK Sm\u00e5land \/ Gr\u00e4nna<\/td><td class=\"column-4\">Junior<\/td><td class=\"column-5\">Excellent-1, CK<\/td><td class=\"column-6\"><\/td>\n<\/tr>\n<tr class=\"row-25\">\n\t<td class=\"column-1\">2024-03-03<\/td><td class=\"column-2\">Vidar Grundetjern <br\/><br \/>\n(Norge)<\/td><td class=\"column-3\">SSRK Sm\u00e5land \/ Moheda<\/td><td class=\"column-4\">Valp 2<\/td><td class=\"column-5\">2 HP<\/td><td class=\"column-6\">7 m\u00e5nader. Harmonisk v\u00e4lbalanserad valp. Bra huvud. Bra hals. Bra \u00f6verlinje. V\u00e4lvinklad fram och bak. R\u00f6r sig bra men n\u00e5got tr\u00e5ngt. Bra p\u00e4ls pch svans. Korrekt bett.<\/td>\n<\/tr>\n<tr class=\"row-26\">\n\t<td class=\"column-1\">2024-02-17<\/td><td class=\"column-2\">Louise Hagman<\/td><td class=\"column-3\">V\u00e4stra f\u00e5gelhundsklubben \/ S\u00e4tila<\/td><td class=\"column-4\">Valp 2<\/td><td class=\"column-5\">1 HP, BIR, BIG-4<\/td><td class=\"column-6\">7 m\u00e5naders hane av utm\u00e4rkt typ och helhet. Vackert huvud och uttryck. Vacker hals, rygg och kors. V\u00e4lvinklad fram och bak. R\u00f6r sig utm\u00e4rkt fr\u00e5n alla h\u00e5ll dock lite l\u00f6s i armb\u00e5garna och lite tr\u00e5ng bak. Trevligt temperament. V\u00e4lvisad.<\/td>\n<\/tr>\n<\/tbody>\n<\/table>\n<!-- #tablepress-82 from cache -->\n","protected":false},"excerpt":{"rendered":"","protected":false},"author":1,"featured_media":0,"parent":0,"menu_order":0,"comment_status":"closed","ping_status":"closed","template":"","meta":{"footnotes":""},"class_list":["post-2321","page","type-page","status-publish"],"_links":{"self":[{"href":"https:\/\/flatfnatt.duckdns.org\/index.php?rest_route=\/wp\/v2\/pages\/2321","targetHints":{"allow":["GET"]}}],"collection":[{"href":"https:\/\/flatfnatt.duckdns.org\/index.php?rest_route=\/wp\/v2\/pages"}],"about":[{"href":"https:\/\/flatfnatt.duckdns.org\/index.php?rest_route=\/wp\/v2\/types\/page"}],"author":[{"embeddable":true,"href":"https:\/\/flatfnatt.duckdns.org\/index.php?rest_route=\/wp\/v2\/users\/1"}],"replies":[{"embeddable":true,"href":"https:\/\/flatfnatt.duckdns.org\/index.php?rest_route=%2Fwp%2Fv2%2Fcomments&post=2321"}],"version-history":[{"count":1,"href":"https:\/\/flatfnatt.duckdns.org\/index.php?rest_route=\/wp\/v2\/pages\/2321\/revisions"}],"predecessor-version":[{"id":2322,"href":"https:\/\/flatfnatt.duckdns.org\/index.php?rest_route=\/wp\/v2\/pages\/2321\/revisions\/2322"}],"wp:attachment":[{"href":"https:\/\/flatfnatt.duckdns.org\/index.php?rest_route=%2Fwp%2Fv2%2Fmedia&parent=2321"}],"curies":[{"name":"wp","href":"https:\/\/api.w.org\/{rel}","templated":true}]}}